{"id":23,"date":"2015-06-11T19:05:33","date_gmt":"2015-06-11T17:05:33","guid":{"rendered":"http:\/\/localhost\/straszak\/?page_id=23"},"modified":"2015-06-22T07:26:07","modified_gmt":"2015-06-22T07:26:07","slug":"rekrutacja","status":"publish","type":"page","link":"https:\/\/straszak.eu\/?page_id=23","title":{"rendered":"Rekrutacja"},"content":{"rendered":"<p style=\"text-align: justify;\"><span style=\"color: #999999;\">analiza dokument\u00f3w,\u00a0assessment center,\u00a0direct search,\u00a0headhunting, kluczowe kompetencje,\u00a0motywacja,\u00a0ocena kompetencji,\u00a0pozyskiwanie kandydat\u00f3w,\u00a0referencje,\u00a0rekrutacja, testy psychologiczne,\u00a0testy wiedzy,\u00a0wywiad kompetencyjny,\u00a0zadania symulacyjne<\/span><\/p>\n<hr \/>\n<p>Od 2005 roku realizuj\u0119 projekty\u00a0w obszarze rekrutacji i oceny kompetencji\u00a0&#8211; pojedyncze procesy, jak i z\u0142o\u017cone og\u00f3lnopolskie rekrutacje. Pomagam moim klientom zatrudnia\u0107 zar\u00f3wno mened\u017cer\u00f3w, jak i specjalist\u00f3w.\u00a0Oferuj\u0119 Pa\u0144stwu <strong>pe\u0142en zakres us\u0142ug rekrutacyjnych.<\/strong><\/p>\n<p style=\"text-align: justify;\">Szczeg\u00f3\u0142owa oferta i zakres dzia\u0142a\u0144 jest zawsze dostosowana do potrzeb Klienta, a dzia\u0142ania skupiaj\u0105 si\u0119 na osi\u0105gni\u0119ciu jak <strong>najlepszego rezultatu w mo\u017cliwie kr\u00f3tkim terminie.<\/strong><\/p>\n<p style=\"text-align: justify;\"><strong>\u00a0<\/strong><\/p>\n<p style=\"text-align: justify;\">Najwa\u017cniejsza jest skuteczno\u015b\u0107 w osi\u0105ganiu cel\u00f3w. Poni\u017cej znajd\u0105 Pa\u0144stwo infografik\u0119 pokazuj\u0105c\u0105 dzia\u0142ania podejmowane na poszczeg\u00f3lnych etapach, kt\u00f3re <strong>decyduj\u0105 o efektywno\u015bci procesu rekrutacji<\/strong><\/p>\n<ul>\n<li><strong>Skuteczne pozyskiwanie kandydat\u00f3w<br \/>\n<\/strong>Adekwatny profil kompetencji, zr\u00f3\u017cnicowane \u017ar\u00f3d\u0142a kandydat\u00f3w, efektywna preselekcja\u00a0aplikacji<\/li>\n<\/ul>\n<ul>\n<li><strong>Wnikliwa ocena kompetencji<br \/>\n<\/strong>Dog\u0142\u0119bna i wielostronna ocena &#8211; wywiady kompetencyjne, testy i zadania symulacyjne, sesje Assessment Center, weryfikacja referencji<\/li>\n<\/ul>\n<ul>\n<li><strong>Dostosowanie do potrzeb<br \/>\n<\/strong>Kryteria oceny i wyboru kandydat\u00f3w dostosowane do specyficznych wymog\u00f3w stanowiska i preferencji Klienta<\/li>\n<\/ul>\n<ul>\n<li><strong>Sprawna organizacja procesu<br \/>\n<\/strong>Profesjonalizm w organizacji dzia\u0142a\u0144, przejrzysto\u015b\u0107 procesu, szybko\u015b\u0107 dzia\u0142ania<\/li>\n<\/ul>\n<p>&nbsp;<\/p>\n<p><strong>Czy to dzia\u0142a?<\/strong><\/p>\n<p>Skuteczno\u015b\u0107 mojego dzia\u0142ania potwierdzaj\u0105 liczne<strong> <a href=\"https:\/\/straszak.eu\/?page_id=54\">referencje<\/a><\/strong> i Klienci, kt\u00f3rzy wracaj\u0105 do mnie z kolejnymi projektami.<\/p>\n<p>Zapraszam do<strong> <a href=\"https:\/\/straszak.eu\/?page_id=152\">kontaktu<\/a><\/strong>. Z przyjemno\u015bci\u0105 odpowiem na Pa\u0144stwa pytania, przedstawi\u0119 szczeg\u00f3\u0142ow\u0105 ofert\u0119.<\/p>\n","protected":false},"excerpt":{"rendered":"<p>analiza dokument\u00f3w,\u00a0assessment center,\u00a0direct search,\u00a0headhunting, kluczowe kompetencje,\u00a0motywacja,\u00a0ocena kompetencji,\u00a0pozyskiwanie kandydat\u00f3w,\u00a0referencje,\u00a0rekrutacja, testy psychologiczne,\u00a0testy wiedzy,\u00a0wywiad kompetencyjny,\u00a0zadania symulacyjne Od 2005 roku realizuj\u0119 projekty\u00a0w obszarze rekrutacji i oceny kompetencji\u00a0&#8211; pojedyncze procesy, jak i z\u0142o\u017cone og\u00f3lnopolskie rekrutacje. Pomagam moim klientom zatrudnia\u0107 zar\u00f3wno mened\u017cer\u00f3w, jak i specjalist\u00f3w.\u00a0Oferuj\u0119 Pa\u0144stwu pe\u0142en zakres us\u0142ug rekrutacyjnych. Szczeg\u00f3\u0142owa oferta i zakres dzia\u0142a\u0144 jest zawsze dostosowana do potrzeb Klienta, &#8230; <a title=\"Rekrutacja\" class=\"read-more\" href=\"https:\/\/straszak.eu\/?page_id=23\" aria-label=\"Read more about Rekrutacja\">Dowiedz si\u0119 wi\u0119cej<\/a><\/p>\n","protected":false},"author":1,"featured_media":0,"parent":0,"menu_order":0,"comment_status":"closed","ping_status":"closed","template":"","meta":{"footnotes":""},"class_list":["post-23","page","type-page","status-publish"],"_links":{"self":[{"href":"https:\/\/straszak.eu\/index.php?rest_route=\/wp\/v2\/pages\/23","targetHints":{"allow":["GET"]}}],"collection":[{"href":"https:\/\/straszak.eu\/index.php?rest_route=\/wp\/v2\/pages"}],"about":[{"href":"https:\/\/straszak.eu\/index.php?rest_route=\/wp\/v2\/types\/page"}],"author":[{"embeddable":true,"href":"https:\/\/straszak.eu\/index.php?rest_route=\/wp\/v2\/users\/1"}],"replies":[{"embeddable":true,"href":"https:\/\/straszak.eu\/index.php?rest_route=%2Fwp%2Fv2%2Fcomments&post=23"}],"version-history":[{"count":8,"href":"https:\/\/straszak.eu\/index.php?rest_route=\/wp\/v2\/pages\/23\/revisions"}],"predecessor-version":[{"id":270,"href":"https:\/\/straszak.eu\/index.php?rest_route=\/wp\/v2\/pages\/23\/revisions\/270"}],"wp:attachment":[{"href":"https:\/\/straszak.eu\/index.php?rest_route=%2Fwp%2Fv2%2Fmedia&parent=23"}],"curies":[{"name":"wp","href":"https:\/\/api.w.org\/{rel}","templated":true}]}}